{"id":22,"date":"2025-12-16T20:17:41","date_gmt":"2025-12-16T20:17:41","guid":{"rendered":"https:\/\/fyrverkeri365.se\/?page_id=22"},"modified":"2026-01-02T17:30:02","modified_gmt":"2026-01-02T17:30:02","slug":"fyrverkeri365-fireworks-fyrverkerier-sverige","status":"publish","type":"page","link":"https:\/\/fyrverkeri365.se\/","title":{"rendered":"V\u00e4lkommen"},"content":{"rendered":"\t\t<div data-elementor-type=\"wp-page\" data-elementor-id=\"22\" class=\"elementor elementor-22\" data-elementor-post-type=\"page\">\n\t\t\t\t<div class=\"elementor-element elementor-element-a9d6c46 e-flex e-con-boxed e-con e-parent\" data-id=\"a9d6c46\" data-element_type=\"container\" data-e-type=\"container\" data-settings=\"{&quot;background_background&quot;:&quot;classic&quot;}\">\n\t\t\t\t\t<div class=\"e-con-inner\">\n\t\t<div class=\"elementor-element elementor-element-43a97b8 e-con-full e-flex e-con e-child\" data-id=\"43a97b8\" data-element_type=\"container\" data-e-type=\"container\" data-settings=\"{&quot;background_background&quot;:&quot;classic&quot;}\">\n\t\t\t\t<div class=\"elementor-element elementor-element-d522b07 elementor-nav-menu--stretch elementor-nav-menu__text-align-center elementor-nav-menu__align-center elementor-nav-menu--dropdown-tablet elementor-nav-menu--toggle elementor-nav-menu--burger elementor-widget elementor-widget-nav-menu\" data-id=\"d522b07\" data-element_type=\"widget\" data-e-type=\"widget\" data-settings=\"{&quot;full_width&quot;:&quot;stretch&quot;,&quot;layout&quot;:&quot;horizontal&quot;,&quot;submenu_icon&quot;:{&quot;value&quot;:&quot;&lt;svg aria-hidden=\\&quot;true\\&quot; class=\\&quot;e-font-icon-svg e-fas-caret-down\\&quot; viewBox=\\&quot;0 0 320 512\\&quot; xmlns=\\&quot;http:\\\/\\\/www.w3.org\\\/2000\\\/svg\\&quot;&gt;&lt;path d=\\&quot;M31.3 192h257.3c17.8 0 26.7 21.5 14.1 34.1L174.1 354.8c-7.8 7.8-20.5 7.8-28.3 0L17.2 226.1C4.6 213.5 13.5 192 31.3 192z\\&quot;&gt;&lt;\\\/path&gt;&lt;\\\/svg&gt;&quot;,&quot;library&quot;:&quot;fa-solid&quot;},&quot;toggle&quot;:&quot;burger&quot;}\" data-widget_type=\"nav-menu.default\">\n\t\t\t\t\t\t\t\t<nav aria-label=\"Meny\" class=\"elementor-nav-menu--main elementor-nav-menu__container elementor-nav-menu--layout-horizontal e--pointer-underline e--animation-fade\">\n\t\t\t\t<ul id=\"menu-1-d522b07\" class=\"elementor-nav-menu\"><li class=\"menu-item menu-item-type-taxonomy menu-item-object-product_cat menu-item-144\"><a href=\"https:\/\/fyrverkeri365.se\/?product_cat=tartor\" class=\"elementor-item\">T\u00e5rtor<\/a><\/li>\n<li class=\"menu-item menu-item-type-taxonomy menu-item-object-product_cat menu-item-145\"><a href=\"https:\/\/fyrverkeri365.se\/?product_cat=varstingar\" class=\"elementor-item\">V\u00e4rstingar<\/a><\/li>\n<li class=\"menu-item menu-item-type-taxonomy menu-item-object-product_cat menu-item-139\"><a href=\"https:\/\/fyrverkeri365.se\/?product_cat=bomber\" class=\"elementor-item\">Bomber<\/a><\/li>\n<li class=\"menu-item menu-item-type-taxonomy menu-item-object-product_cat menu-item-141\"><a href=\"https:\/\/fyrverkeri365.se\/?product_cat=mix-paket\" class=\"elementor-item\">Mix-Paket<\/a><\/li>\n<li class=\"menu-item menu-item-type-taxonomy menu-item-object-product_cat menu-item-142\"><a href=\"https:\/\/fyrverkeri365.se\/?product_cat=sma-fyrverkerier\" class=\"elementor-item\">Sm\u00e5 Fyrverkerier<\/a><\/li>\n<li class=\"menu-item menu-item-type-taxonomy menu-item-object-product_cat menu-item-140\"><a href=\"https:\/\/fyrverkeri365.se\/?product_cat=konfetti\" class=\"elementor-item\">Konfetti<\/a><\/li>\n<li class=\"menu-item menu-item-type-taxonomy menu-item-object-product_cat menu-item-988\"><a href=\"https:\/\/fyrverkeri365.se\/?product_cat=bengaler\" class=\"elementor-item\">Bengaler<\/a><\/li>\n<\/ul>\t\t\t<\/nav>\n\t\t\t\t\t<div class=\"elementor-menu-toggle\" role=\"button\" tabindex=\"0\" aria-label=\"Sl\u00e5 p\u00e5\/av meny\" aria-expanded=\"false\">\n\t\t\t<svg aria-hidden=\"true\" role=\"presentation\" class=\"elementor-menu-toggle__icon--open e-font-icon-svg e-eicon-menu-bar\" viewBox=\"0 0 1000 1000\" xmlns=\"http:\/\/www.w3.org\/2000\/svg\"><path d=\"M104 333H896C929 333 958 304 958 271S929 208 896 208H104C71 208 42 237 42 271S71 333 104 333ZM104 583H896C929 583 958 554 958 521S929 458 896 458H104C71 458 42 487 42 521S71 583 104 583ZM104 833H896C929 833 958 804 958 771S929 708 896 708H104C71 708 42 737 42 771S71 833 104 833Z\"><\/path><\/svg><svg aria-hidden=\"true\" role=\"presentation\" class=\"elementor-menu-toggle__icon--close e-font-icon-svg e-eicon-close\" viewBox=\"0 0 1000 1000\" xmlns=\"http:\/\/www.w3.org\/2000\/svg\"><path d=\"M742 167L500 408 258 167C246 154 233 150 217 150 196 150 179 158 167 167 154 179 150 196 150 212 150 229 154 242 171 254L408 500 167 742C138 771 138 800 167 829 196 858 225 858 254 829L496 587 738 829C750 842 767 846 783 846 800 846 817 842 829 829 842 817 846 804 846 783 846 767 842 750 829 737L588 500 833 258C863 229 863 200 833 171 804 137 775 137 742 167Z\"><\/path><\/svg>\t\t<\/div>\n\t\t\t\t\t<nav class=\"elementor-nav-menu--dropdown elementor-nav-menu__container\" aria-hidden=\"true\">\n\t\t\t\t<ul id=\"menu-2-d522b07\" class=\"elementor-nav-menu\"><li class=\"menu-item menu-item-type-taxonomy menu-item-object-product_cat menu-item-144\"><a href=\"https:\/\/fyrverkeri365.se\/?product_cat=tartor\" class=\"elementor-item\" tabindex=\"-1\">T\u00e5rtor<\/a><\/li>\n<li class=\"menu-item menu-item-type-taxonomy menu-item-object-product_cat menu-item-145\"><a href=\"https:\/\/fyrverkeri365.se\/?product_cat=varstingar\" class=\"elementor-item\" tabindex=\"-1\">V\u00e4rstingar<\/a><\/li>\n<li class=\"menu-item menu-item-type-taxonomy menu-item-object-product_cat menu-item-139\"><a href=\"https:\/\/fyrverkeri365.se\/?product_cat=bomber\" class=\"elementor-item\" tabindex=\"-1\">Bomber<\/a><\/li>\n<li class=\"menu-item menu-item-type-taxonomy menu-item-object-product_cat menu-item-141\"><a href=\"https:\/\/fyrverkeri365.se\/?product_cat=mix-paket\" class=\"elementor-item\" tabindex=\"-1\">Mix-Paket<\/a><\/li>\n<li class=\"menu-item menu-item-type-taxonomy menu-item-object-product_cat menu-item-142\"><a href=\"https:\/\/fyrverkeri365.se\/?product_cat=sma-fyrverkerier\" class=\"elementor-item\" tabindex=\"-1\">Sm\u00e5 Fyrverkerier<\/a><\/li>\n<li class=\"menu-item menu-item-type-taxonomy menu-item-object-product_cat menu-item-140\"><a href=\"https:\/\/fyrverkeri365.se\/?product_cat=konfetti\" class=\"elementor-item\" tabindex=\"-1\">Konfetti<\/a><\/li>\n<li class=\"menu-item menu-item-type-taxonomy menu-item-object-product_cat menu-item-988\"><a href=\"https:\/\/fyrverkeri365.se\/?product_cat=bengaler\" class=\"elementor-item\" tabindex=\"-1\">Bengaler<\/a><\/li>\n<\/ul>\t\t\t<\/nav>\n\t\t\t\t\t\t<\/div>\n\t\t\t\t<\/div>\n\t\t<div class=\"elementor-element elementor-element-205d816 animated-fast e-flex e-con-boxed elementor-invisible e-con e-child\" data-id=\"205d816\" data-element_type=\"container\" data-e-type=\"container\" data-settings=\"{&quot;background_background&quot;:&quot;classic&quot;,&quot;animation&quot;:&quot;fadeInUp&quot;}\">\n\t\t\t\t\t<div class=\"e-con-inner\">\n\t\t\t\t<div class=\"elementor-element elementor-element-c348f79 elementor-widget elementor-widget-heading\" data-id=\"c348f79\" data-element_type=\"widget\" data-e-type=\"widget\" data-widget_type=\"heading.default\">\n\t\t\t\t\t<h2 class=\"elementor-heading-title elementor-size-default\">V\u00c4LKOMMEN<\/h2>\t\t\t\t<\/div>\n\t\t\t\t<div class=\"elementor-element elementor-element-b8c25f4 elementor-widget elementor-widget-text-editor\" data-id=\"b8c25f4\" data-element_type=\"widget\" data-e-type=\"widget\" data-widget_type=\"text-editor.default\">\n\t\t\t\t\t\t\t\t\t<p>Vi s\u00e4ljer fyrverkeri hela \u00e5ret runt!<\/p><p>Stort sortiment med fyrverkerier fr\u00e5n Svea och Vulcan, till de b\u00e4sta priserna!<\/p><p>Kom in i v\u00e5r butik i Malm\u00f6 p\u00e5 Drottningatan 4B <em>(VapeShop24)<\/em>, eller ring 0700-171715.\u00a0<\/p><p>Ni kan se hela v\u00e5rt sortiment p\u00e5 denna hemsida, klicka runt p\u00e5 kategorierna i menyn \u00f6verst!<\/p><p><strong>OBS!<\/strong> Det \u00e4r alltid f\u00f6rtidsbest\u00e4llning som g\u00e4ller, ring eller kom in i butiken och g\u00f6r din best\u00e4llning, sedan kan ni h\u00e4mta era fyrverkier i butiken inom 48tim.<\/p>\t\t\t\t\t\t\t\t<\/div>\n\t\t\t\t\t<\/div>\n\t\t\t\t<\/div>\n\t\t\t\t\t<\/div>\n\t\t\t\t<\/div>\n\t\t\t\t<\/div>\n\t\t","protected":false},"excerpt":{"rendered":"<p>Fyrverkerier \u00e5ret runt i Malm\u00f6! Stort sortiment fr\u00e5n Svea och Vulcan till riktigt bra priser. Bes\u00f6k v\u00e5r butik p\u00e5 Drottninggatan 4B eller utforska hela sortimentet h\u00e4r p\u00e5 hemsidan.<\/p>\n","protected":false},"author":1,"featured_media":0,"parent":0,"menu_order":0,"comment_status":"closed","ping_status":"closed","template":"","meta":{"footnotes":""},"class_list":["post-22","page","type-page","status-publish","hentry"],"_links":{"self":[{"href":"https:\/\/fyrverkeri365.se\/index.php?rest_route=\/wp\/v2\/pages\/22","targetHints":{"allow":["GET"]}}],"collection":[{"href":"https:\/\/fyrverkeri365.se\/index.php?rest_route=\/wp\/v2\/pages"}],"about":[{"href":"https:\/\/fyrverkeri365.se\/index.php?rest_route=\/wp\/v2\/types\/page"}],"author":[{"embeddable":true,"href":"https:\/\/fyrverkeri365.se\/index.php?rest_route=\/wp\/v2\/users\/1"}],"replies":[{"embeddable":true,"href":"https:\/\/fyrverkeri365.se\/index.php?rest_route=%2Fwp%2Fv2%2Fcomments&post=22"}],"version-history":[{"count":181,"href":"https:\/\/fyrverkeri365.se\/index.php?rest_route=\/wp\/v2\/pages\/22\/revisions"}],"predecessor-version":[{"id":1153,"href":"https:\/\/fyrverkeri365.se\/index.php?rest_route=\/wp\/v2\/pages\/22\/revisions\/1153"}],"wp:attachment":[{"href":"https:\/\/fyrverkeri365.se\/index.php?rest_route=%2Fwp%2Fv2%2Fmedia&parent=22"}],"curies":[{"name":"wp","href":"https:\/\/api.w.org\/{rel}","templated":true}]}}